{"id":550,"date":"2019-06-14T00:27:03","date_gmt":"2019-06-13T22:27:03","guid":{"rendered":"http:\/\/poet-of-the-fall.de\/hubertus-pfatter\/?page_id=550"},"modified":"2019-07-12T17:53:26","modified_gmt":"2019-07-12T15:53:26","slug":"veranstaltungsinfos","status":"publish","type":"page","link":"https:\/\/sg-hubertus-pfatter.de\/index.php\/veranstaltungsinfos\/","title":{"rendered":"Veranstaltungsinfos"},"content":{"rendered":"\n<p style=\"font-size:30px;text-align:center\"><strong>Veranstaltungsinfos<\/strong><\/p>\n\n\n\n<p style=\"text-align:center\"><strong>ERD\u00c4PFLFEST 01-02.06.2019   <\/strong><\/p>\n\n\n\n<p style=\"text-align:center\"><strong>Alle zwei Jahre wieder: Pfada feiert as Erd\u00e4pflfest.   In Zusammenarbeit mid de Landfrauen aus Griesau und Pfada zaubern wir eich    wieder die echtn bayrischen Erd\u00e4pflschmankerl.   Angefangen vo Erd\u00e4pflsuppn &amp; Fr\u00fcherd\u00e4pfl in Montur am Samstag bis hi zu    Fingernudln, Maaldaschn, Reiberdatschi &amp; Breislschmarrn am Sonntag.   Nat\u00fcrlich gibt\u2018s an beiden Tagen a Grillts fir olle \u201eFleischfresser\u201c unter eich, sowie    an Kas und Brezn.   Am Samstag Abend ko ma au\u00dferdem in da \u201eErd\u00e4pflgruam-Bar\u201c no des ein oder    andere Verdauungsschnapserl genie\u00dfen (Dieses Jahr eine Stunde l\u00e4nger, also    bis um zwoa in da Nacht)   Wir gfrein uns scho af eich \ud83d\ude42 <\/strong><\/p>\n\n\n\n<div class=\"wp-block-image\"><figure class=\"aligncenter\"><img loading=\"lazy\" decoding=\"async\" width=\"571\" height=\"809\" src=\"http:\/\/poet-of-the-fall.de\/hubertus-pfatter\/wp-content\/uploads\/2019\/06\/77493.jpg\" alt=\"\" class=\"wp-image-551\" srcset=\"https:\/\/sg-hubertus-pfatter.de\/wp-content\/uploads\/2019\/06\/77493.jpg 571w, https:\/\/sg-hubertus-pfatter.de\/wp-content\/uploads\/2019\/06\/77493-212x300.jpg 212w\" sizes=\"auto, (max-width: 571px) 100vw, 571px\" \/><\/figure><\/div>\n\n\n\n<p style=\"text-align:center\"><strong>P.S. Der perfekte Familienausflug: Nachm Essn kinnan den Kinder no kostenlos    Kindereisenbahn fohrn (Gesponsort von Autohaus Fr\u00fcchtl), losen oder    Lichtgewehrschie\u00dfen w\u00e4hrend Mam und Bap no an Kaffee dringan. <\/strong><\/p>\n","protected":false},"excerpt":{"rendered":"<p>Veranstaltungsinfos ERD\u00c4PFLFEST 01-02.06.2019 Alle zwei Jahre wieder: Pfada feiert as Erd\u00e4pflfest. In Zusammenarbeit mid de Landfrauen aus Griesau und Pfada zaubern wir eich wieder die echtn bayrischen Erd\u00e4pflschmankerl. Angefangen vo Erd\u00e4pflsuppn &amp; Fr\u00fcherd\u00e4pfl in Montur am Samstag bis hi zu Fingernudln, Maaldaschn, Reiberdatschi &amp; Breislschmarrn am Sonntag. Nat\u00fcrlich gibt\u2018s an beiden Tagen a Grillts fir olle \u201eFleischfresser\u201c unter eich, sowie an Kas und Brezn. Am Samstag Abend ko ma au\u00dferdem in da \u201eErd\u00e4pflgruam-Bar\u201c no des ein oder andere Verdauungsschnapserl genie\u00dfen (Dieses Jahr eine Stunde l\u00e4nger, also bis um zwoa in da Nacht) Wir gfrein uns scho af eich \ud83d\ude42 P.S. Der perfekte Familienausflug: Nachm Essn kinnan den Kinder no kostenlos Kindereisenbahn fohrn (Gesponsort von Autohaus Fr\u00fcchtl), losen oder Lichtgewehrschie\u00dfen w\u00e4hrend Mam und Bap no an Kaffee dringan.<\/p>\n","protected":false},"author":1,"featured_media":0,"parent":0,"menu_order":0,"comment_status":"closed","ping_status":"closed","template":"","meta":{"footnotes":""},"class_list":["post-550","page","type-page","status-publish","hentry"],"_links":{"self":[{"href":"https:\/\/sg-hubertus-pfatter.de\/index.php\/wp-json\/wp\/v2\/pages\/550","targetHints":{"allow":["GET"]}}],"collection":[{"href":"https:\/\/sg-hubertus-pfatter.de\/index.php\/wp-json\/wp\/v2\/pages"}],"about":[{"href":"https:\/\/sg-hubertus-pfatter.de\/index.php\/wp-json\/wp\/v2\/types\/page"}],"author":[{"embeddable":true,"href":"https:\/\/sg-hubertus-pfatter.de\/index.php\/wp-json\/wp\/v2\/users\/1"}],"replies":[{"embeddable":true,"href":"https:\/\/sg-hubertus-pfatter.de\/index.php\/wp-json\/wp\/v2\/comments?post=550"}],"version-history":[{"count":3,"href":"https:\/\/sg-hubertus-pfatter.de\/index.php\/wp-json\/wp\/v2\/pages\/550\/revisions"}],"predecessor-version":[{"id":596,"href":"https:\/\/sg-hubertus-pfatter.de\/index.php\/wp-json\/wp\/v2\/pages\/550\/revisions\/596"}],"wp:attachment":[{"href":"https:\/\/sg-hubertus-pfatter.de\/index.php\/wp-json\/wp\/v2\/media?parent=550"}],"curies":[{"name":"wp","href":"https:\/\/api.w.org\/{rel}","templated":true}]}}