{"id":2143,"date":"2024-04-25T20:35:35","date_gmt":"2024-04-25T18:35:35","guid":{"rendered":"https:\/\/sg-hubertus-pfatter.de\/?page_id=2143"},"modified":"2024-04-25T20:35:38","modified_gmt":"2024-04-25T18:35:38","slug":"koenigsproklamation-2024","status":"publish","type":"page","link":"https:\/\/sg-hubertus-pfatter.de\/index.php\/koenigsproklamation-2024\/","title":{"rendered":"K\u00f6nigsproklamation 2024"},"content":{"rendered":"\n<p>Am 19.04.24 fand die K\u00f6nigsproklamation im Gasthaus Fischer\/Deutsch statt. Dort wurden nicht nur die diesj\u00e4hrigen K\u00f6nige und Liesln geehrt, sondern es gab auch zahlreiche andere Preise und Ehrungen zu vergeben. Neben den Vereinsmeistern 2023 wurden auch die Gewinner des Urbanpokals, des Sektionsjugendwanderpokals, des Sektionswanderpokals, der Eicheln und der Schnur ernannt. <\/p>\n\n\n\n<p>Bevor der offiziellem Teil begann verk\u00f6stigten die K\u00f6nige und Liesl des letzten Jahres mit frisch gezapftem Bier vom Fass, Schnitzel und Salatbuffet. Nach der Preisverteilung gab es traditionell noch Kaffee und Kuchen. Dank der guten vorangegangenen Verpflegung fanden die Knacker und Brezen der frischgebackenen Liesln und K\u00f6nigen dieses Jahr nicht gen\u00fcgend Abnehmer und so hatte so manch einer noch ein kleines Andenken bzw. eine Wegzerrung f\u00fcr den Nachhauseweg. <\/p>\n\n\n<div class=\"wp-block-image\">\n<figure class=\"aligncenter size-large is-resized\"><img loading=\"lazy\" decoding=\"async\" width=\"1024\" height=\"768\" src=\"https:\/\/sg-hubertus-pfatter.de\/wp-content\/uploads\/2024\/04\/Koenige-und-Liesln-2024-1024x768.jpg\" alt=\"\" class=\"wp-image-2144\" style=\"width:666px;height:auto\" srcset=\"https:\/\/sg-hubertus-pfatter.de\/wp-content\/uploads\/2024\/04\/Koenige-und-Liesln-2024-1024x768.jpg 1024w, https:\/\/sg-hubertus-pfatter.de\/wp-content\/uploads\/2024\/04\/Koenige-und-Liesln-2024-300x225.jpg 300w, https:\/\/sg-hubertus-pfatter.de\/wp-content\/uploads\/2024\/04\/Koenige-und-Liesln-2024-768x576.jpg 768w, https:\/\/sg-hubertus-pfatter.de\/wp-content\/uploads\/2024\/04\/Koenige-und-Liesln-2024-1536x1152.jpg 1536w, https:\/\/sg-hubertus-pfatter.de\/wp-content\/uploads\/2024\/04\/Koenige-und-Liesln-2024-2048x1536.jpg 2048w, https:\/\/sg-hubertus-pfatter.de\/wp-content\/uploads\/2024\/04\/Koenige-und-Liesln-2024-1140x855.jpg 1140w\" sizes=\"auto, (max-width: 1024px) 100vw, 1024px\" \/><figcaption class=\"wp-element-caption\">K\u00f6nige und Liesln 2024<\/figcaption><\/figure>\n<\/div>\n\n\n<hr class=\"wp-block-separator has-alpha-channel-opacity\"\/>\n\n\n<div class=\"wp-block-image\">\n<figure class=\"aligncenter size-large is-resized\"><img loading=\"lazy\" decoding=\"async\" width=\"1024\" height=\"768\" src=\"https:\/\/sg-hubertus-pfatter.de\/wp-content\/uploads\/2024\/04\/Vereinsmeister-2023-und-weitere-Gewinner-1024x768.jpg\" alt=\"\" class=\"wp-image-2145\" style=\"width:673px;height:auto\" srcset=\"https:\/\/sg-hubertus-pfatter.de\/wp-content\/uploads\/2024\/04\/Vereinsmeister-2023-und-weitere-Gewinner-1024x768.jpg 1024w, https:\/\/sg-hubertus-pfatter.de\/wp-content\/uploads\/2024\/04\/Vereinsmeister-2023-und-weitere-Gewinner-300x225.jpg 300w, https:\/\/sg-hubertus-pfatter.de\/wp-content\/uploads\/2024\/04\/Vereinsmeister-2023-und-weitere-Gewinner-768x576.jpg 768w, https:\/\/sg-hubertus-pfatter.de\/wp-content\/uploads\/2024\/04\/Vereinsmeister-2023-und-weitere-Gewinner-1536x1152.jpg 1536w, https:\/\/sg-hubertus-pfatter.de\/wp-content\/uploads\/2024\/04\/Vereinsmeister-2023-und-weitere-Gewinner-2048x1536.jpg 2048w, https:\/\/sg-hubertus-pfatter.de\/wp-content\/uploads\/2024\/04\/Vereinsmeister-2023-und-weitere-Gewinner-1140x855.jpg 1140w\" sizes=\"auto, (max-width: 1024px) 100vw, 1024px\" \/><figcaption class=\"wp-element-caption\">Vereinsmeister 2023 und weitere Gewinner<\/figcaption><\/figure>\n<\/div>\n\n\n<hr class=\"wp-block-separator has-alpha-channel-opacity\"\/>\n\n\n\n<div class=\"wp-block-media-text alignwide is-stacked-on-mobile\" style=\"grid-template-columns:32% auto\"><figure class=\"wp-block-media-text__media\"><img loading=\"lazy\" decoding=\"async\" width=\"768\" height=\"1024\" src=\"https:\/\/sg-hubertus-pfatter.de\/wp-content\/uploads\/2024\/04\/Jugendkoenig-2024-768x1024.jpg\" alt=\"\" class=\"wp-image-2147 size-full\" srcset=\"https:\/\/sg-hubertus-pfatter.de\/wp-content\/uploads\/2024\/04\/Jugendkoenig-2024-768x1024.jpg 768w, https:\/\/sg-hubertus-pfatter.de\/wp-content\/uploads\/2024\/04\/Jugendkoenig-2024-225x300.jpg 225w, https:\/\/sg-hubertus-pfatter.de\/wp-content\/uploads\/2024\/04\/Jugendkoenig-2024-1152x1536.jpg 1152w, https:\/\/sg-hubertus-pfatter.de\/wp-content\/uploads\/2024\/04\/Jugendkoenig-2024-1536x2048.jpg 1536w, https:\/\/sg-hubertus-pfatter.de\/wp-content\/uploads\/2024\/04\/Jugendkoenig-2024-1140x1520.jpg 1140w, https:\/\/sg-hubertus-pfatter.de\/wp-content\/uploads\/2024\/04\/Jugendkoenig-2024-scaled.jpg 1920w\" sizes=\"auto, (max-width: 768px) 100vw, 768px\" \/><\/figure><div class=\"wp-block-media-text__content\">\n<p><strong>Jugendk\u00f6nige<\/strong><\/p>\n\n\n\n<p>1. Platz Rederer Moritz 30 Teiler<\/p>\n\n\n\n<p>2. Platz Jahrstorfer Philipp 220 Teiler<\/p>\n<\/div><\/div>\n\n\n\n<div class=\"wp-block-media-text alignwide is-stacked-on-mobile\" style=\"grid-template-columns:32% auto\"><figure class=\"wp-block-media-text__media\"><img loading=\"lazy\" decoding=\"async\" width=\"768\" height=\"1024\" src=\"https:\/\/sg-hubertus-pfatter.de\/wp-content\/uploads\/2024\/04\/Jugendliesl-2024-1-768x1024.jpg\" alt=\"\" class=\"wp-image-2148 size-full\" srcset=\"https:\/\/sg-hubertus-pfatter.de\/wp-content\/uploads\/2024\/04\/Jugendliesl-2024-1-768x1024.jpg 768w, https:\/\/sg-hubertus-pfatter.de\/wp-content\/uploads\/2024\/04\/Jugendliesl-2024-1-225x300.jpg 225w, https:\/\/sg-hubertus-pfatter.de\/wp-content\/uploads\/2024\/04\/Jugendliesl-2024-1-1152x1536.jpg 1152w, https:\/\/sg-hubertus-pfatter.de\/wp-content\/uploads\/2024\/04\/Jugendliesl-2024-1-1536x2048.jpg 1536w, https:\/\/sg-hubertus-pfatter.de\/wp-content\/uploads\/2024\/04\/Jugendliesl-2024-1-1140x1520.jpg 1140w, https:\/\/sg-hubertus-pfatter.de\/wp-content\/uploads\/2024\/04\/Jugendliesl-2024-1-scaled.jpg 1920w\" sizes=\"auto, (max-width: 768px) 100vw, 768px\" \/><\/figure><div class=\"wp-block-media-text__content\">\n<p><strong>Jugendliesln<\/strong><\/p>\n\n\n\n<p>1. Platz Fuchs Johanna 161 Teiler<\/p>\n\n\n\n<p>2. Platz Rederer Helena 441 Teiler<\/p>\n\n\n\n<p>3. Platz Koller Maria 663 Teiler<\/p>\n<\/div><\/div>\n\n\n\n<div class=\"wp-block-media-text alignwide is-stacked-on-mobile\" style=\"grid-template-columns:32% auto\"><figure class=\"wp-block-media-text__media\"><img loading=\"lazy\" decoding=\"async\" width=\"768\" height=\"1024\" src=\"https:\/\/sg-hubertus-pfatter.de\/wp-content\/uploads\/2024\/04\/Schuetzenkoenig-2024-768x1024.jpg\" alt=\"\" class=\"wp-image-2149 size-full\" srcset=\"https:\/\/sg-hubertus-pfatter.de\/wp-content\/uploads\/2024\/04\/Schuetzenkoenig-2024-768x1024.jpg 768w, https:\/\/sg-hubertus-pfatter.de\/wp-content\/uploads\/2024\/04\/Schuetzenkoenig-2024-225x300.jpg 225w, https:\/\/sg-hubertus-pfatter.de\/wp-content\/uploads\/2024\/04\/Schuetzenkoenig-2024-1152x1536.jpg 1152w, https:\/\/sg-hubertus-pfatter.de\/wp-content\/uploads\/2024\/04\/Schuetzenkoenig-2024-1536x2048.jpg 1536w, https:\/\/sg-hubertus-pfatter.de\/wp-content\/uploads\/2024\/04\/Schuetzenkoenig-2024-1140x1520.jpg 1140w, https:\/\/sg-hubertus-pfatter.de\/wp-content\/uploads\/2024\/04\/Schuetzenkoenig-2024-scaled.jpg 1920w\" sizes=\"auto, (max-width: 768px) 100vw, 768px\" \/><\/figure><div class=\"wp-block-media-text__content\">\n<p><strong>Sch\u00fctzenk\u00f6nige<\/strong><\/p>\n\n\n\n<p>1. Platz Altmann Markus 74 Teiler<\/p>\n\n\n\n<p>2. Platz Stierstorfer Marco 89 Teiler<\/p>\n\n\n\n<p>3. Platz Becker J\u00f6rg 137 Teiler<\/p>\n<\/div><\/div>\n\n\n\n<div class=\"wp-block-media-text alignwide is-stacked-on-mobile\" style=\"grid-template-columns:32% auto\"><figure class=\"wp-block-media-text__media\"><img loading=\"lazy\" decoding=\"async\" width=\"768\" height=\"1024\" src=\"https:\/\/sg-hubertus-pfatter.de\/wp-content\/uploads\/2024\/04\/Liesln-2024-768x1024.jpg\" alt=\"\" class=\"wp-image-2150 size-full\" srcset=\"https:\/\/sg-hubertus-pfatter.de\/wp-content\/uploads\/2024\/04\/Liesln-2024-768x1024.jpg 768w, https:\/\/sg-hubertus-pfatter.de\/wp-content\/uploads\/2024\/04\/Liesln-2024-225x300.jpg 225w, https:\/\/sg-hubertus-pfatter.de\/wp-content\/uploads\/2024\/04\/Liesln-2024-1152x1536.jpg 1152w, https:\/\/sg-hubertus-pfatter.de\/wp-content\/uploads\/2024\/04\/Liesln-2024-1536x2048.jpg 1536w, https:\/\/sg-hubertus-pfatter.de\/wp-content\/uploads\/2024\/04\/Liesln-2024-1140x1520.jpg 1140w, https:\/\/sg-hubertus-pfatter.de\/wp-content\/uploads\/2024\/04\/Liesln-2024-scaled.jpg 1920w\" sizes=\"auto, (max-width: 768px) 100vw, 768px\" \/><\/figure><div class=\"wp-block-media-text__content\">\n<p><strong>Sch\u00fctzenliesln<\/strong><\/p>\n\n\n\n<p>1. Platz Heitzer Rita 85 Teiler<\/p>\n\n\n\n<p>2. Platz R\u00f6sch Christinr 113 Teiler<\/p>\n\n\n\n<p>3. Platz Ritter Regins 119 Teiler<\/p>\n<\/div><\/div>\n\n\n\n<div class=\"wp-block-media-text alignwide is-stacked-on-mobile\" style=\"grid-template-columns:32% auto\"><figure class=\"wp-block-media-text__media\"><img loading=\"lazy\" decoding=\"async\" width=\"768\" height=\"1024\" src=\"https:\/\/sg-hubertus-pfatter.de\/wp-content\/uploads\/2024\/04\/Pistolenkoenig-2024-768x1024.jpg\" alt=\"\" class=\"wp-image-2151 size-full\" srcset=\"https:\/\/sg-hubertus-pfatter.de\/wp-content\/uploads\/2024\/04\/Pistolenkoenig-2024-768x1024.jpg 768w, https:\/\/sg-hubertus-pfatter.de\/wp-content\/uploads\/2024\/04\/Pistolenkoenig-2024-225x300.jpg 225w, https:\/\/sg-hubertus-pfatter.de\/wp-content\/uploads\/2024\/04\/Pistolenkoenig-2024-1152x1536.jpg 1152w, https:\/\/sg-hubertus-pfatter.de\/wp-content\/uploads\/2024\/04\/Pistolenkoenig-2024-1536x2048.jpg 1536w, https:\/\/sg-hubertus-pfatter.de\/wp-content\/uploads\/2024\/04\/Pistolenkoenig-2024-1140x1520.jpg 1140w, https:\/\/sg-hubertus-pfatter.de\/wp-content\/uploads\/2024\/04\/Pistolenkoenig-2024-scaled.jpg 1920w\" sizes=\"auto, (max-width: 768px) 100vw, 768px\" \/><\/figure><div class=\"wp-block-media-text__content\">\n<p><strong>Pistolenk\u00f6nige<\/strong><\/p>\n\n\n\n<p>1. Platz Becker J\u00f6rg 149 Teiler<\/p>\n\n\n\n<p>2. Platz Schiller Karl 453 Teiler<\/p>\n\n\n\n<p>3. Platz Piendl Lukas 734 Teiler<\/p>\n<\/div><\/div>\n\n\n\n<div class=\"wp-block-media-text alignwide is-stacked-on-mobile\" style=\"grid-template-columns:32% auto\"><figure class=\"wp-block-media-text__media\"><img loading=\"lazy\" decoding=\"async\" width=\"768\" height=\"1024\" src=\"https:\/\/sg-hubertus-pfatter.de\/wp-content\/uploads\/2024\/04\/Auflagekoenig-2024-768x1024.jpg\" alt=\"\" class=\"wp-image-2152 size-full\" srcset=\"https:\/\/sg-hubertus-pfatter.de\/wp-content\/uploads\/2024\/04\/Auflagekoenig-2024-768x1024.jpg 768w, https:\/\/sg-hubertus-pfatter.de\/wp-content\/uploads\/2024\/04\/Auflagekoenig-2024-225x300.jpg 225w, https:\/\/sg-hubertus-pfatter.de\/wp-content\/uploads\/2024\/04\/Auflagekoenig-2024-1152x1536.jpg 1152w, https:\/\/sg-hubertus-pfatter.de\/wp-content\/uploads\/2024\/04\/Auflagekoenig-2024-1536x2048.jpg 1536w, https:\/\/sg-hubertus-pfatter.de\/wp-content\/uploads\/2024\/04\/Auflagekoenig-2024-1140x1520.jpg 1140w, https:\/\/sg-hubertus-pfatter.de\/wp-content\/uploads\/2024\/04\/Auflagekoenig-2024-scaled.jpg 1920w\" sizes=\"auto, (max-width: 768px) 100vw, 768px\" \/><\/figure><div class=\"wp-block-media-text__content\">\n<p><strong>Auflagek\u00f6nige und -liesl<\/strong><\/p>\n\n\n\n<p>1. Platz Huber Georg 32 Teiler<\/p>\n\n\n\n<p>2. Platz Schiller Karl 72 Teiler<\/p>\n\n\n\n<p>3. Platz Becker Gerlinde 91 Teiler<\/p>\n<\/div><\/div>\n\n\n\n<hr class=\"wp-block-separator has-alpha-channel-opacity\"\/>\n\n\n\n<h3 class=\"wp-block-heading has-text-align-center\">Weitere Gewinner<\/h3>\n\n\n\n<p>Wanderpokal der Sektion: R\u00f6sch Christine<\/p>\n\n\n\n<p>Wanderpokal der Sektion Jugend: Koller Maria<\/p>\n\n\n\n<p>Urbanpokal: Rederer Moritz 63 Teiler<\/p>\n\n\n\n<p>Vereinsmeister Luftpistole Herren: Altmann Markus 1780 Ringe<\/p>\n\n\n\n<p>Vereinsmeister Luftpistole Damen: Ritter Regina 1574 Ringe<\/p>\n\n\n\n<p>Vereinsmeister Luftpistole Jugend: Jahrstorfer Philipp 1295 Ringe<\/p>\n\n\n\n<p>Vereinsmeister Luftgewehr Herren: Feldbauer Michael 1895 Ringe<\/p>\n\n\n\n<p>Vereinsmeister Luftgewehr Damen: R\u00f6sch Christine 1906 Ringe<\/p>\n\n\n\n<p>Vereinsmeister Luftgewehr Jugend: Jahrstorfer Philipp 1295 Ringe<\/p>\n\n\n\n<p>Vereinsmeister Luftgewehr Sch\u00fcler: Rederer Moritz 1738 Ringe<\/p>\n\n\n\n<p>Vereinsmeister Luftgewehr Auflage: Schiller Karl 2919 Ringe<\/p>\n\n\n\n<p>Jahresteilerpokal: Danilo Gasdzik 1 Teiler<\/p>\n\n\n\n<p>Schnur: Rederer Moritz 66 Teiler<\/p>\n\n\n\n<p>Eichel gr\u00fcn: R\u00f6sch Johannes 123 Teiler<\/p>\n\n\n\n<p>Eichel silber: Gasdzik Danilo: 49 Teiler<\/p>\n\n\n\n<p>Eichel gold: Feldbauer Michael 38 Teiler<\/p>\n","protected":false},"excerpt":{"rendered":"<p>Am 19.04.24 fand die K\u00f6nigsproklamation im Gasthaus Fischer\/Deutsch statt. Dort wurden nicht nur die diesj\u00e4hrigen K\u00f6nige und Liesln geehrt, sondern es gab auch zahlreiche andere Preise und Ehrungen zu vergeben. Neben den Vereinsmeistern 2023 wurden auch die Gewinner des Urbanpokals, des Sektionsjugendwanderpokals, des Sektionswanderpokals, der Eicheln und der Schnur ernannt. Bevor der offiziellem Teil begann verk\u00f6stigten die K\u00f6nige und Liesl des letzten Jahres mit frisch gezapftem Bier vom Fass, Schnitzel und Salatbuffet. Nach der Preisverteilung gab es traditionell noch Kaffee und Kuchen. Dank der guten vorangegangenen Verpflegung fanden die Knacker und Brezen der frischgebackenen Liesln und K\u00f6nigen dieses Jahr nicht gen\u00fcgend Abnehmer und so hatte so manch einer noch ein kleines Andenken bzw. eine Wegzerrung f\u00fcr den Nachhauseweg. Jugendk\u00f6nige 1. Platz Rederer Moritz 30 Teiler 2. Platz Jahrstorfer Philipp 220 Teiler Jugendliesln 1. Platz Fuchs Johanna 161 Teiler 2. Platz Rederer Helena 441 Teiler 3. Platz Koller Maria 663 Teiler Sch\u00fctzenk\u00f6nige 1. Platz Altmann Markus 74 Teiler 2. Platz Stierstorfer Marco 89 Teiler 3. Platz Becker J\u00f6rg 137 Teiler Sch\u00fctzenliesln 1. Platz Heitzer Rita 85 Teiler 2. Platz R\u00f6sch Christinr 113 Teiler 3. Platz Ritter Regins 119 Teiler Pistolenk\u00f6nige 1. Platz Becker J\u00f6rg 149 Teiler 2. Platz Schiller Karl 453 Teiler 3. Platz Piendl Lukas 734 Teiler Auflagek\u00f6nige und -liesl 1. Platz Huber Georg 32 Teiler 2. Platz Schiller Karl 72 Teiler 3. Platz Becker Gerlinde 91 Teiler Weitere Gewinner Wanderpokal der Sektion: R\u00f6sch Christine Wanderpokal der Sektion Jugend: Koller Maria Urbanpokal: Rederer Moritz 63 Teiler Vereinsmeister Luftpistole Herren: Altmann Markus 1780 Ringe Vereinsmeister Luftpistole Damen: Ritter Regina 1574 Ringe Vereinsmeister Luftpistole Jugend: Jahrstorfer Philipp 1295 Ringe Vereinsmeister Luftgewehr Herren: Feldbauer Michael 1895 Ringe Vereinsmeister Luftgewehr Damen: R\u00f6sch Christine 1906 Ringe Vereinsmeister Luftgewehr Jugend: Jahrstorfer Philipp 1295 Ringe Vereinsmeister Luftgewehr Sch\u00fcler: Rederer Moritz 1738 Ringe Vereinsmeister Luftgewehr Auflage: Schiller Karl 2919 Ringe Jahresteilerpokal: Danilo Gasdzik 1 Teiler Schnur: Rederer Moritz 66 Teiler Eichel gr\u00fcn: R\u00f6sch Johannes 123 Teiler Eichel silber: Gasdzik Danilo: 49 Teiler Eichel gold: Feldbauer Michael 38 Teiler<\/p>\n","protected":false},"author":3,"featured_media":0,"parent":0,"menu_order":0,"comment_status":"closed","ping_status":"closed","template":"","meta":{"footnotes":""},"class_list":["post-2143","page","type-page","status-publish","hentry"],"_links":{"self":[{"href":"https:\/\/sg-hubertus-pfatter.de\/index.php\/wp-json\/wp\/v2\/pages\/2143","targetHints":{"allow":["GET"]}}],"collection":[{"href":"https:\/\/sg-hubertus-pfatter.de\/index.php\/wp-json\/wp\/v2\/pages"}],"about":[{"href":"https:\/\/sg-hubertus-pfatter.de\/index.php\/wp-json\/wp\/v2\/types\/page"}],"author":[{"embeddable":true,"href":"https:\/\/sg-hubertus-pfatter.de\/index.php\/wp-json\/wp\/v2\/users\/3"}],"replies":[{"embeddable":true,"href":"https:\/\/sg-hubertus-pfatter.de\/index.php\/wp-json\/wp\/v2\/comments?post=2143"}],"version-history":[{"count":1,"href":"https:\/\/sg-hubertus-pfatter.de\/index.php\/wp-json\/wp\/v2\/pages\/2143\/revisions"}],"predecessor-version":[{"id":2153,"href":"https:\/\/sg-hubertus-pfatter.de\/index.php\/wp-json\/wp\/v2\/pages\/2143\/revisions\/2153"}],"wp:attachment":[{"href":"https:\/\/sg-hubertus-pfatter.de\/index.php\/wp-json\/wp\/v2\/media?parent=2143"}],"curies":[{"name":"wp","href":"https:\/\/api.w.org\/{rel}","templated":true}]}}