{"id":1586,"date":"2023-05-24T16:44:15","date_gmt":"2023-05-24T14:44:15","guid":{"rendered":"https:\/\/sg-hubertus-pfatter.de\/?page_id=1586"},"modified":"2023-05-24T17:20:56","modified_gmt":"2023-05-24T15:20:56","slug":"koenigsproklamation-2023","status":"publish","type":"page","link":"https:\/\/sg-hubertus-pfatter.de\/index.php\/koenigsproklamation-2023\/","title":{"rendered":"K\u00f6nigsproklamation 2023"},"content":{"rendered":"\n<p>Am 28.04.23 fand die K\u00f6nigsproklamation im Gasthaus Fischer\/Deutsch statt. Dort wurden nicht nur die diesj\u00e4hrigen K\u00f6nige und Liesln geehrt, sondern es gab auch zahlreiche andere Preise und Ehrungen zu vergeben. Neben den Vereinsmeistern 2022 wurden auch die Gewinner des Urbanpokals, des Sektionsjugendwanderpokals, des Sektionswanderpokals, der Eicheln und der Schnur ernannt. Unsere Sch\u00fctzenmeisterin Christine konnte ebenso noch ein paar Ehrungen der Bezirks- und Gaumeisterschaft verk\u00fcnden.<\/p>\n\n\n\n<p>Nach dem offiziellem Teil, wurden traditionell die Knacker und Brezen br\u00fcderlich geteilt und unsere Sch\u00fctzenliesl Regina lud noch auf Kaffee und Kuchen ein.<\/p>\n\n\n<div class=\"wp-block-image\">\n<figure class=\"aligncenter size-full is-resized\"><img loading=\"lazy\" decoding=\"async\" src=\"https:\/\/sg-hubertus-pfatter.de\/wp-content\/uploads\/2023\/05\/Koenige-und-Liesl-2023-2.jpeg\" alt=\"\" class=\"wp-image-1598\" width=\"565\" height=\"424\" srcset=\"https:\/\/sg-hubertus-pfatter.de\/wp-content\/uploads\/2023\/05\/Koenige-und-Liesl-2023-2.jpeg 800w, https:\/\/sg-hubertus-pfatter.de\/wp-content\/uploads\/2023\/05\/Koenige-und-Liesl-2023-2-300x225.jpeg 300w, https:\/\/sg-hubertus-pfatter.de\/wp-content\/uploads\/2023\/05\/Koenige-und-Liesl-2023-2-768x576.jpeg 768w\" sizes=\"auto, (max-width: 565px) 100vw, 565px\" \/><figcaption class=\"wp-element-caption\">K\u00f6nige und Liesln 2023<\/figcaption><\/figure>\n<\/div>\n\n\n<hr class=\"wp-block-separator has-alpha-channel-opacity\"\/>\n\n\n<div class=\"wp-block-image\">\n<figure class=\"aligncenter size-full is-resized\"><img loading=\"lazy\" decoding=\"async\" src=\"https:\/\/sg-hubertus-pfatter.de\/wp-content\/uploads\/2023\/05\/Vereinsmeister-und-Geehrte-2023-2.jpeg\" alt=\"\" class=\"wp-image-1599\" width=\"568\" height=\"426\" srcset=\"https:\/\/sg-hubertus-pfatter.de\/wp-content\/uploads\/2023\/05\/Vereinsmeister-und-Geehrte-2023-2.jpeg 800w, https:\/\/sg-hubertus-pfatter.de\/wp-content\/uploads\/2023\/05\/Vereinsmeister-und-Geehrte-2023-2-300x225.jpeg 300w, https:\/\/sg-hubertus-pfatter.de\/wp-content\/uploads\/2023\/05\/Vereinsmeister-und-Geehrte-2023-2-768x576.jpeg 768w\" sizes=\"auto, (max-width: 568px) 100vw, 568px\" \/><figcaption class=\"wp-element-caption\">Vereinsmeister 2022 und Geehrte<\/figcaption><\/figure>\n<\/div>\n\n\n<hr class=\"wp-block-separator has-alpha-channel-opacity is-style-wide\"\/>\n\n\n\n<div class=\"wp-block-media-text alignwide is-stacked-on-mobile\"><figure class=\"wp-block-media-text__media\"><img loading=\"lazy\" decoding=\"async\" width=\"800\" height=\"600\" src=\"https:\/\/sg-hubertus-pfatter.de\/wp-content\/uploads\/2023\/05\/Jugendkoenig-2023.jpeg\" alt=\"\" class=\"wp-image-1591 size-full\" srcset=\"https:\/\/sg-hubertus-pfatter.de\/wp-content\/uploads\/2023\/05\/Jugendkoenig-2023.jpeg 800w, https:\/\/sg-hubertus-pfatter.de\/wp-content\/uploads\/2023\/05\/Jugendkoenig-2023-300x225.jpeg 300w, https:\/\/sg-hubertus-pfatter.de\/wp-content\/uploads\/2023\/05\/Jugendkoenig-2023-768x576.jpeg 768w\" sizes=\"auto, (max-width: 800px) 100vw, 800px\" \/><\/figure><div class=\"wp-block-media-text__content\">\n<p><strong>Jugendk\u00f6nige<\/strong><\/p>\n\n\n\n<p>1. Platz Jahrstorfer Philipp 80 Teiler<\/p>\n\n\n\n<p>2. Platz Rederer Moritz 365 Teiler<\/p>\n\n\n\n<p>3. Platz Stierstorfer Marco 376 Teiler<\/p>\n<\/div><\/div>\n\n\n\n<div class=\"wp-block-media-text alignwide is-stacked-on-mobile\"><figure class=\"wp-block-media-text__media\"><img loading=\"lazy\" decoding=\"async\" width=\"800\" height=\"600\" src=\"https:\/\/sg-hubertus-pfatter.de\/wp-content\/uploads\/2023\/05\/Jugendliesl-2023.jpeg\" alt=\"\" class=\"wp-image-1592 size-full\" srcset=\"https:\/\/sg-hubertus-pfatter.de\/wp-content\/uploads\/2023\/05\/Jugendliesl-2023.jpeg 800w, https:\/\/sg-hubertus-pfatter.de\/wp-content\/uploads\/2023\/05\/Jugendliesl-2023-300x225.jpeg 300w, https:\/\/sg-hubertus-pfatter.de\/wp-content\/uploads\/2023\/05\/Jugendliesl-2023-768x576.jpeg 768w\" sizes=\"auto, (max-width: 800px) 100vw, 800px\" \/><\/figure><div class=\"wp-block-media-text__content\">\n<p><strong>Jugendliesln<\/strong><\/p>\n\n\n\n<p>1. Platz Lachenschmid Theresa 205 Teiler<\/p>\n\n\n\n<p>2. Platz Fuchs Johanna 433 Teiler<\/p>\n\n\n\n<p>3. Platz Vielberth Marleen 660 Teiler<\/p>\n<\/div><\/div>\n\n\n\n<div class=\"wp-block-media-text alignwide is-stacked-on-mobile\"><figure class=\"wp-block-media-text__media\"><img loading=\"lazy\" decoding=\"async\" width=\"800\" height=\"600\" src=\"https:\/\/sg-hubertus-pfatter.de\/wp-content\/uploads\/2023\/05\/Schuetzenkoenig-2023.jpeg\" alt=\"\" class=\"wp-image-1593 size-full\" srcset=\"https:\/\/sg-hubertus-pfatter.de\/wp-content\/uploads\/2023\/05\/Schuetzenkoenig-2023.jpeg 800w, https:\/\/sg-hubertus-pfatter.de\/wp-content\/uploads\/2023\/05\/Schuetzenkoenig-2023-300x225.jpeg 300w, https:\/\/sg-hubertus-pfatter.de\/wp-content\/uploads\/2023\/05\/Schuetzenkoenig-2023-768x576.jpeg 768w\" sizes=\"auto, (max-width: 800px) 100vw, 800px\" \/><\/figure><div class=\"wp-block-media-text__content\">\n<p><strong>Sch\u00fctzenk\u00f6nige<\/strong><\/p>\n\n\n\n<p>1. Platz Becker Philipp 7 Teiler<\/p>\n\n\n\n<p>2. Platz Piendl Lukas 21 Teiler<\/p>\n\n\n\n<p>3. Platz Lachenschmid Martin 63 Teiler<\/p>\n<\/div><\/div>\n\n\n\n<div class=\"wp-block-media-text alignwide is-stacked-on-mobile\"><figure class=\"wp-block-media-text__media\"><img loading=\"lazy\" decoding=\"async\" width=\"800\" height=\"600\" src=\"https:\/\/sg-hubertus-pfatter.de\/wp-content\/uploads\/2023\/05\/Schuetzenliesl-2023.jpeg\" alt=\"\" class=\"wp-image-1594 size-full\" srcset=\"https:\/\/sg-hubertus-pfatter.de\/wp-content\/uploads\/2023\/05\/Schuetzenliesl-2023.jpeg 800w, https:\/\/sg-hubertus-pfatter.de\/wp-content\/uploads\/2023\/05\/Schuetzenliesl-2023-300x225.jpeg 300w, https:\/\/sg-hubertus-pfatter.de\/wp-content\/uploads\/2023\/05\/Schuetzenliesl-2023-768x576.jpeg 768w\" sizes=\"auto, (max-width: 800px) 100vw, 800px\" \/><\/figure><div class=\"wp-block-media-text__content\">\n<p><strong>Sch\u00fctzenliesln<\/strong><\/p>\n\n\n\n<p>1. Platz Ro\u00df Regina 23,3 Teiler<\/p>\n\n\n\n<p>2. Platz Schmalzl Lena 30,5 Teiler<\/p>\n\n\n\n<p>3. Platz Ebner Sabine 36,2 Teiler<\/p>\n<\/div><\/div>\n\n\n\n<div class=\"wp-block-media-text alignwide is-stacked-on-mobile\"><figure class=\"wp-block-media-text__media\"><img loading=\"lazy\" decoding=\"async\" width=\"800\" height=\"600\" src=\"https:\/\/sg-hubertus-pfatter.de\/wp-content\/uploads\/2023\/05\/Pistolenkoenig-2023.jpeg\" alt=\"\" class=\"wp-image-1595 size-full\" srcset=\"https:\/\/sg-hubertus-pfatter.de\/wp-content\/uploads\/2023\/05\/Pistolenkoenig-2023.jpeg 800w, https:\/\/sg-hubertus-pfatter.de\/wp-content\/uploads\/2023\/05\/Pistolenkoenig-2023-300x225.jpeg 300w, https:\/\/sg-hubertus-pfatter.de\/wp-content\/uploads\/2023\/05\/Pistolenkoenig-2023-768x576.jpeg 768w\" sizes=\"auto, (max-width: 800px) 100vw, 800px\" \/><\/figure><div class=\"wp-block-media-text__content\">\n<p><strong>Pistolenk\u00f6nige<\/strong><\/p>\n\n\n\n<p>1. Platz Altmann Markus 353 Teiler<\/p>\n\n\n\n<p>2. Platz Schmalzl Lena 1021 Teiler<\/p>\n\n\n\n<p>3. Platz R\u00f6sch Johannes 1029 Teiler<\/p>\n<\/div><\/div>\n\n\n\n<div class=\"wp-block-media-text alignwide is-stacked-on-mobile\"><figure class=\"wp-block-media-text__media\"><img loading=\"lazy\" decoding=\"async\" width=\"800\" height=\"600\" src=\"https:\/\/sg-hubertus-pfatter.de\/wp-content\/uploads\/2023\/05\/Aufgelegtkoenig-2023.jpeg\" alt=\"\" class=\"wp-image-1596 size-full\" srcset=\"https:\/\/sg-hubertus-pfatter.de\/wp-content\/uploads\/2023\/05\/Aufgelegtkoenig-2023.jpeg 800w, https:\/\/sg-hubertus-pfatter.de\/wp-content\/uploads\/2023\/05\/Aufgelegtkoenig-2023-300x225.jpeg 300w, https:\/\/sg-hubertus-pfatter.de\/wp-content\/uploads\/2023\/05\/Aufgelegtkoenig-2023-768x576.jpeg 768w\" sizes=\"auto, (max-width: 800px) 100vw, 800px\" \/><\/figure><div class=\"wp-block-media-text__content\">\n<p class=\"has-text-align-left\"><strong>Sch\u00fctzenk\u00f6nige Aufgelegt<\/strong><\/p>\n\n\n\n<p>1. Platz Jahrstorfer Franz 56 Teiler<\/p>\n\n\n\n<p>2. Platz Meier Josef 59 Teiler<\/p>\n\n\n\n<p>3. Zitzelsberger Alois 127 Teiler<\/p>\n<\/div><\/div>\n\n\n\n<hr class=\"wp-block-separator has-alpha-channel-opacity\"\/>\n\n\n\n<p class=\"has-text-align-center\"><strong>Weitere Gewinner<\/strong><\/p>\n\n\n\n<blockquote class=\"wp-block-quote is-layout-flow wp-block-quote-is-layout-flow\">\n<p>Wanderpokal der Sektion: Zitzelsberger Alois<\/p>\n\n\n\n<p>Wanderpokal der Sektion Jugend: Jahrstorfer Philipp<\/p>\n\n\n\n<p>Vereinsmeister Luftpistole Herren: Piendl Lukas 1619 Ringe<\/p>\n\n\n\n<p>Vereinsmeister Luftpistole Damen: Ro\u00df Regina 1496 Ringe<\/p>\n\n\n\n<p>Vereinsmeister Luftgewehr Herren: Feldbauer Michael 1691 Ringe<\/p>\n\n\n\n<p>Vereinsmeister Luftgewehr Damen: R\u00f6sch Christine 1899 Ringe<\/p>\n\n\n\n<p>Vereinsmeister Luftgewehr Sch\u00fcler: 1428 Ringe<\/p>\n\n\n\n<p>Vereinsmeister Luftgewehr Auflage: Schiller Karl 2950 Ringe<\/p>\n\n\n\n<p>Jahresteilerpokal: Schiller Karl 2 Teiler<\/p>\n<\/blockquote>\n","protected":false},"excerpt":{"rendered":"<p>Am 28.04.23 fand die K\u00f6nigsproklamation im Gasthaus Fischer\/Deutsch statt. Dort wurden nicht nur die diesj\u00e4hrigen K\u00f6nige und Liesln geehrt, sondern es gab auch zahlreiche andere Preise und Ehrungen zu vergeben. Neben den Vereinsmeistern 2022 wurden auch die Gewinner des Urbanpokals, des Sektionsjugendwanderpokals, des Sektionswanderpokals, der Eicheln und der Schnur ernannt. Unsere Sch\u00fctzenmeisterin Christine konnte ebenso noch ein paar Ehrungen der Bezirks- und Gaumeisterschaft verk\u00fcnden. Nach dem offiziellem Teil, wurden traditionell die Knacker und Brezen br\u00fcderlich geteilt und unsere Sch\u00fctzenliesl Regina lud noch auf Kaffee und Kuchen ein. Jugendk\u00f6nige 1. Platz Jahrstorfer Philipp 80 Teiler 2. Platz Rederer Moritz 365 Teiler 3. Platz Stierstorfer Marco 376 Teiler Jugendliesln 1. Platz Lachenschmid Theresa 205 Teiler 2. Platz Fuchs Johanna 433 Teiler 3. Platz Vielberth Marleen 660 Teiler Sch\u00fctzenk\u00f6nige 1. Platz Becker Philipp 7 Teiler 2. Platz Piendl Lukas 21 Teiler 3. Platz Lachenschmid Martin 63 Teiler Sch\u00fctzenliesln 1. Platz Ro\u00df Regina 23,3 Teiler 2. Platz Schmalzl Lena 30,5 Teiler 3. Platz Ebner Sabine 36,2 Teiler Pistolenk\u00f6nige 1. Platz Altmann Markus 353 Teiler 2. Platz Schmalzl Lena 1021 Teiler 3. Platz R\u00f6sch Johannes 1029 Teiler Sch\u00fctzenk\u00f6nige Aufgelegt 1. Platz Jahrstorfer Franz 56 Teiler 2. Platz Meier Josef 59 Teiler 3. Zitzelsberger Alois 127 Teiler Weitere Gewinner Wanderpokal der Sektion: Zitzelsberger Alois Wanderpokal der Sektion Jugend: Jahrstorfer Philipp Vereinsmeister Luftpistole Herren: Piendl Lukas 1619 Ringe Vereinsmeister Luftpistole Damen: Ro\u00df Regina 1496 Ringe Vereinsmeister Luftgewehr Herren: Feldbauer Michael 1691 Ringe Vereinsmeister Luftgewehr Damen: R\u00f6sch Christine 1899 Ringe Vereinsmeister Luftgewehr Sch\u00fcler: 1428 Ringe Vereinsmeister Luftgewehr Auflage: Schiller Karl 2950 Ringe Jahresteilerpokal: Schiller Karl 2 Teiler<\/p>\n","protected":false},"author":3,"featured_media":0,"parent":0,"menu_order":0,"comment_status":"closed","ping_status":"closed","template":"","meta":{"footnotes":""},"class_list":["post-1586","page","type-page","status-publish","hentry"],"_links":{"self":[{"href":"https:\/\/sg-hubertus-pfatter.de\/index.php\/wp-json\/wp\/v2\/pages\/1586","targetHints":{"allow":["GET"]}}],"collection":[{"href":"https:\/\/sg-hubertus-pfatter.de\/index.php\/wp-json\/wp\/v2\/pages"}],"about":[{"href":"https:\/\/sg-hubertus-pfatter.de\/index.php\/wp-json\/wp\/v2\/types\/page"}],"author":[{"embeddable":true,"href":"https:\/\/sg-hubertus-pfatter.de\/index.php\/wp-json\/wp\/v2\/users\/3"}],"replies":[{"embeddable":true,"href":"https:\/\/sg-hubertus-pfatter.de\/index.php\/wp-json\/wp\/v2\/comments?post=1586"}],"version-history":[{"count":4,"href":"https:\/\/sg-hubertus-pfatter.de\/index.php\/wp-json\/wp\/v2\/pages\/1586\/revisions"}],"predecessor-version":[{"id":1612,"href":"https:\/\/sg-hubertus-pfatter.de\/index.php\/wp-json\/wp\/v2\/pages\/1586\/revisions\/1612"}],"wp:attachment":[{"href":"https:\/\/sg-hubertus-pfatter.de\/index.php\/wp-json\/wp\/v2\/media?parent=1586"}],"curies":[{"name":"wp","href":"https:\/\/api.w.org\/{rel}","templated":true}]}}