{"id":1462,"date":"2023-01-07T10:17:20","date_gmt":"2023-01-07T09:17:20","guid":{"rendered":"https:\/\/sg-hubertus-pfatter.de\/?page_id=1462"},"modified":"2023-01-07T10:17:21","modified_gmt":"2023-01-07T09:17:21","slug":"hubertusfeier-04-12-2022","status":"publish","type":"page","link":"https:\/\/sg-hubertus-pfatter.de\/index.php\/hubertusfeier-04-12-2022\/","title":{"rendered":"Hubertusfeier 04.12.2022"},"content":{"rendered":"\n<p>Ihm Rahmen der Hubertusfeier wurden nicht nur die langj\u00e4hrigen Mitglieder geehrt, sondern auch die Gewinner der Hubertusscheibe, des Oktoberfestpokals, der 130-Jahre-Sch\u00fctzenverein-Scheibe und der Georg-Huber-Geburtstagsscheibe ernannt.<\/p>\n\n\n<div class=\"wp-block-image\">\n<figure class=\"aligncenter size-large is-resized\"><img loading=\"lazy\" decoding=\"async\" src=\"https:\/\/sg-hubertus-pfatter.de\/wp-content\/uploads\/2023\/01\/Mitgliederehrung-2022-1024x768.jpg\" alt=\"\" class=\"wp-image-1463\" width=\"677\" height=\"508\" srcset=\"https:\/\/sg-hubertus-pfatter.de\/wp-content\/uploads\/2023\/01\/Mitgliederehrung-2022-1024x768.jpg 1024w, https:\/\/sg-hubertus-pfatter.de\/wp-content\/uploads\/2023\/01\/Mitgliederehrung-2022-300x225.jpg 300w, https:\/\/sg-hubertus-pfatter.de\/wp-content\/uploads\/2023\/01\/Mitgliederehrung-2022-768x576.jpg 768w, https:\/\/sg-hubertus-pfatter.de\/wp-content\/uploads\/2023\/01\/Mitgliederehrung-2022-1536x1152.jpg 1536w, https:\/\/sg-hubertus-pfatter.de\/wp-content\/uploads\/2023\/01\/Mitgliederehrung-2022-1140x855.jpg 1140w, https:\/\/sg-hubertus-pfatter.de\/wp-content\/uploads\/2023\/01\/Mitgliederehrung-2022.jpg 2048w\" sizes=\"auto, (max-width: 677px) 100vw, 677px\" \/><figcaption>Geehrte Mitglieder<\/figcaption><\/figure>\n<\/div>\n\n\n<p>Wir bedanken uns f\u00fcr 50 Jahre bei Manfred Hornauer, Reinhold Kappel, Alfons K\u00fcrzinger, Franz M\u00fchlbauer und Elisabeth Stierstorfer <\/p>\n\n\n\n<p>40 Jahre Mitgliedschaft haben Edmund Binder und Monika Zitzelsberger erreicht.<\/p>\n\n\n\n<p>30 Jahre beim Verein sind Franz Jahrstorfer und Simone H\u00e4rtl.<\/p>\n\n\n\n<p>F\u00fcr 20 Jahre Mitgliedschaft bedanken wir uns bei Manfred Roman, Marion Neumeier, Johannes R\u00f6sch, Herbert Stadler und Michael Stadler.<\/p>\n\n\n\n<p>Frische 10 Jahren sind Andreas Heitzer, Michael Lachenschmid, Alexander Kugler, Linda Stierstorfer, Linda Schmalzl, Kristin Koller, Martin Koller, Daniel Ebner und Sabrina Pr\u00fcmmer bei uns im Verein.<\/p>\n\n\n<div class=\"wp-block-image\">\n<figure class=\"aligncenter size-large is-resized\"><img loading=\"lazy\" decoding=\"async\" src=\"https:\/\/sg-hubertus-pfatter.de\/wp-content\/uploads\/2023\/01\/Hubertusfeier-2022-1024x768.jpg\" alt=\"\" class=\"wp-image-1464\" width=\"679\" height=\"509\" srcset=\"https:\/\/sg-hubertus-pfatter.de\/wp-content\/uploads\/2023\/01\/Hubertusfeier-2022-1024x768.jpg 1024w, https:\/\/sg-hubertus-pfatter.de\/wp-content\/uploads\/2023\/01\/Hubertusfeier-2022-300x225.jpg 300w, https:\/\/sg-hubertus-pfatter.de\/wp-content\/uploads\/2023\/01\/Hubertusfeier-2022-768x576.jpg 768w, https:\/\/sg-hubertus-pfatter.de\/wp-content\/uploads\/2023\/01\/Hubertusfeier-2022-1536x1152.jpg 1536w, https:\/\/sg-hubertus-pfatter.de\/wp-content\/uploads\/2023\/01\/Hubertusfeier-2022-1140x855.jpg 1140w, https:\/\/sg-hubertus-pfatter.de\/wp-content\/uploads\/2023\/01\/Hubertusfeier-2022.jpg 2048w\" sizes=\"auto, (max-width: 679px) 100vw, 679px\" \/><figcaption>Gewinner Hubertusfeier<\/figcaption><\/figure>\n<\/div>\n\n\n<p>Oktoberfestpokal: Johannes R\u00f6sch<\/p>\n\n\n\n<p>Scheibe zum 130 j\u00e4hrigen Gr\u00fcndungsfest (gestiftet von Markus Altmann und Christine R\u00f6sch): Michael Feldbauer<\/p>\n\n\n\n<p>Geburtstagsscheibe Georg Huber: Josef Meier<\/p>\n\n\n\n<p>Hubertusscheibe: Alexander Kugler<\/p>\n","protected":false},"excerpt":{"rendered":"<p>Ihm Rahmen der Hubertusfeier wurden nicht nur die langj\u00e4hrigen Mitglieder geehrt, sondern auch die Gewinner der Hubertusscheibe, des Oktoberfestpokals, der 130-Jahre-Sch\u00fctzenverein-Scheibe und der Georg-Huber-Geburtstagsscheibe ernannt. Wir bedanken uns f\u00fcr 50 Jahre bei Manfred Hornauer, Reinhold Kappel, Alfons K\u00fcrzinger, Franz M\u00fchlbauer und Elisabeth Stierstorfer 40 Jahre Mitgliedschaft haben Edmund Binder und Monika Zitzelsberger erreicht. 30 Jahre beim Verein sind Franz Jahrstorfer und Simone H\u00e4rtl. F\u00fcr 20 Jahre Mitgliedschaft bedanken wir uns bei Manfred Roman, Marion Neumeier, Johannes R\u00f6sch, Herbert Stadler und Michael Stadler. Frische 10 Jahren sind Andreas Heitzer, Michael Lachenschmid, Alexander Kugler, Linda Stierstorfer, Linda Schmalzl, Kristin Koller, Martin Koller, Daniel Ebner und Sabrina Pr\u00fcmmer bei uns im Verein. Oktoberfestpokal: Johannes R\u00f6sch Scheibe zum 130 j\u00e4hrigen Gr\u00fcndungsfest (gestiftet von Markus Altmann und Christine R\u00f6sch): Michael Feldbauer Geburtstagsscheibe Georg Huber: Josef Meier Hubertusscheibe: Alexander Kugler<\/p>\n","protected":false},"author":3,"featured_media":0,"parent":0,"menu_order":0,"comment_status":"closed","ping_status":"closed","template":"","meta":{"footnotes":""},"class_list":["post-1462","page","type-page","status-publish","hentry"],"_links":{"self":[{"href":"https:\/\/sg-hubertus-pfatter.de\/index.php\/wp-json\/wp\/v2\/pages\/1462","targetHints":{"allow":["GET"]}}],"collection":[{"href":"https:\/\/sg-hubertus-pfatter.de\/index.php\/wp-json\/wp\/v2\/pages"}],"about":[{"href":"https:\/\/sg-hubertus-pfatter.de\/index.php\/wp-json\/wp\/v2\/types\/page"}],"author":[{"embeddable":true,"href":"https:\/\/sg-hubertus-pfatter.de\/index.php\/wp-json\/wp\/v2\/users\/3"}],"replies":[{"embeddable":true,"href":"https:\/\/sg-hubertus-pfatter.de\/index.php\/wp-json\/wp\/v2\/comments?post=1462"}],"version-history":[{"count":3,"href":"https:\/\/sg-hubertus-pfatter.de\/index.php\/wp-json\/wp\/v2\/pages\/1462\/revisions"}],"predecessor-version":[{"id":1467,"href":"https:\/\/sg-hubertus-pfatter.de\/index.php\/wp-json\/wp\/v2\/pages\/1462\/revisions\/1467"}],"wp:attachment":[{"href":"https:\/\/sg-hubertus-pfatter.de\/index.php\/wp-json\/wp\/v2\/media?parent=1462"}],"curies":[{"name":"wp","href":"https:\/\/api.w.org\/{rel}","templated":true}]}}