{"id":1402,"date":"2022-06-06T20:37:30","date_gmt":"2022-06-06T18:37:30","guid":{"rendered":"https:\/\/sg-hubertus-pfatter.de\/?page_id=1402"},"modified":"2022-06-06T20:56:09","modified_gmt":"2022-06-06T18:56:09","slug":"sektionswanderpokalschiessen-2022-galerie","status":"publish","type":"page","link":"https:\/\/sg-hubertus-pfatter.de\/index.php\/sektionswanderpokalschiessen-2022-galerie\/","title":{"rendered":"Sektionswanderpokalschie\u00dfen 2022 Galerie"},"content":{"rendered":"\n<p class=\"has-text-align-center\">\n<div class=\"gdgallery-gallery-container\" id=\"gdgallery-container-26\" data-id=\"26\">\n    \n<div id=\"gdgallery_container_26\" style=\"display:none;\" data-view=\"justified\">\n            <a href=\"\" target=\"_blank\">\n            <img decoding=\"async\" alt=\"Dankesch\u00f6n Sch\u00fctzenmeisterin Christine R\u00f6sch\"\n                 data-type=\"image\"\n                 src=\"https:\/\/sg-hubertus-pfatter.de\/wp-content\/uploads\/2022\/06\/Dankeschoen-Schuetzenmeisterin-Christine-Roesch-scaled.jpg\"\n                 data-image=\"https:\/\/sg-hubertus-pfatter.de\/wp-content\/uploads\/2022\/06\/Dankeschoen-Schuetzenmeisterin-Christine-Roesch-scaled.jpg\"\n                 data-description=\"\"\n                                 style=\"display:block\">\n        <\/a>\n            <a href=\"\" target=\"_blank\">\n            <img decoding=\"async\" alt=\"Ehrung B\u00fcrgermeisterin Ritt-Frank\"\n                 data-type=\"image\"\n                 src=\"https:\/\/sg-hubertus-pfatter.de\/wp-content\/uploads\/2022\/06\/Ehrung-Buergermeisterin-Ritt-Frank-scaled.jpg\"\n                 data-image=\"https:\/\/sg-hubertus-pfatter.de\/wp-content\/uploads\/2022\/06\/Ehrung-Buergermeisterin-Ritt-Frank-scaled.jpg\"\n                 data-description=\"\"\n                                 style=\"display:block\">\n        <\/a>\n            <a href=\"\" target=\"_blank\">\n            <img decoding=\"async\" alt=\"Ehrungen\"\n                 data-type=\"image\"\n                 src=\"https:\/\/sg-hubertus-pfatter.de\/wp-content\/uploads\/2022\/06\/Ehrungen-scaled.jpg\"\n                 data-image=\"https:\/\/sg-hubertus-pfatter.de\/wp-content\/uploads\/2022\/06\/Ehrungen-scaled.jpg\"\n                 data-description=\"\"\n                                 style=\"display:block\">\n        <\/a>\n            <a href=\"\" target=\"_blank\">\n            <img decoding=\"async\" alt=\"Gewinner Meistpreis\"\n                 data-type=\"image\"\n                 src=\"https:\/\/sg-hubertus-pfatter.de\/wp-content\/uploads\/2022\/06\/Gewinner-Meistpreis-scaled.jpg\"\n                 data-image=\"https:\/\/sg-hubertus-pfatter.de\/wp-content\/uploads\/2022\/06\/Gewinner-Meistpreis-scaled.jpg\"\n                 data-description=\"\"\n                                 style=\"display:block\">\n        <\/a>\n            <a href=\"\" target=\"_blank\">\n            <img decoding=\"async\" alt=\"Gewinner Ringpokal Sch\u00fctzenklasse\"\n                 data-type=\"image\"\n                 src=\"https:\/\/sg-hubertus-pfatter.de\/wp-content\/uploads\/2022\/06\/Gewinner-Ringpokal-Schuetzenklasse-scaled.jpg\"\n                 data-image=\"https:\/\/sg-hubertus-pfatter.de\/wp-content\/uploads\/2022\/06\/Gewinner-Ringpokal-Schuetzenklasse-scaled.jpg\"\n                 data-description=\"\"\n                                 style=\"display:block\">\n        <\/a>\n            <a href=\"\" target=\"_blank\">\n            <img decoding=\"async\" alt=\"Gewinner Wanderpokalscheibe\"\n                 data-type=\"image\"\n                 src=\"https:\/\/sg-hubertus-pfatter.de\/wp-content\/uploads\/2022\/06\/Gewinner-Wanderpokalscheibe-scaled.jpg\"\n                 data-image=\"https:\/\/sg-hubertus-pfatter.de\/wp-content\/uploads\/2022\/06\/Gewinner-Wanderpokalscheibe-scaled.jpg\"\n                 data-description=\"\"\n                                 style=\"display:block\">\n        <\/a>\n            <a href=\"\" target=\"_blank\">\n            <img decoding=\"async\" alt=\"Gro\u00dfe Ehrennadel Silber Christine R\u00f6sch\"\n                 data-type=\"image\"\n                 src=\"https:\/\/sg-hubertus-pfatter.de\/wp-content\/uploads\/2022\/06\/Grosse-Ehrennadel-Silber-Christine-Roesch-scaled.jpg\"\n                 data-image=\"https:\/\/sg-hubertus-pfatter.de\/wp-content\/uploads\/2022\/06\/Grosse-Ehrennadel-Silber-Christine-Roesch-scaled.jpg\"\n                 data-description=\"\"\n                                 style=\"display:block\">\n        <\/a>\n            <a href=\"\" target=\"_blank\">\n            <img decoding=\"async\" alt=\"Sektions Jugendk\u00f6nig\"\n                 data-type=\"image\"\n                 src=\"https:\/\/sg-hubertus-pfatter.de\/wp-content\/uploads\/2022\/06\/Sektions-Jugendkoenig-scaled.jpg\"\n                 data-image=\"https:\/\/sg-hubertus-pfatter.de\/wp-content\/uploads\/2022\/06\/Sektions-Jugendkoenig-scaled.jpg\"\n                 data-description=\"\"\n                                 style=\"display:block\">\n        <\/a>\n            <a href=\"\" target=\"_blank\">\n            <img decoding=\"async\" alt=\"Sektions Pistolenk\u00f6nig\"\n                 data-type=\"image\"\n                 src=\"https:\/\/sg-hubertus-pfatter.de\/wp-content\/uploads\/2022\/06\/Sektions-Pistolenkoenig-scaled.jpg\"\n                 data-image=\"https:\/\/sg-hubertus-pfatter.de\/wp-content\/uploads\/2022\/06\/Sektions-Pistolenkoenig-scaled.jpg\"\n                 data-description=\"\"\n                                 style=\"display:block\">\n        <\/a>\n            <a href=\"\" target=\"_blank\">\n            <img decoding=\"async\" alt=\"Sektions Pokalsieger\"\n                 data-type=\"image\"\n                 src=\"https:\/\/sg-hubertus-pfatter.de\/wp-content\/uploads\/2022\/06\/Sektions-Pokalsieger-scaled.jpg\"\n                 data-image=\"https:\/\/sg-hubertus-pfatter.de\/wp-content\/uploads\/2022\/06\/Sektions-Pokalsieger-scaled.jpg\"\n                 data-description=\"\"\n                                 style=\"display:block\">\n        <\/a>\n            <a href=\"\" target=\"_blank\">\n            <img decoding=\"async\" alt=\"Sektions Sch\u00fclerk\u00f6nig freih\u00e4ndig\"\n                 data-type=\"image\"\n                 src=\"https:\/\/sg-hubertus-pfatter.de\/wp-content\/uploads\/2022\/06\/Sektions-Schuelerkoenig-freihaendig-scaled.jpg\"\n                 data-image=\"https:\/\/sg-hubertus-pfatter.de\/wp-content\/uploads\/2022\/06\/Sektions-Schuelerkoenig-freihaendig-scaled.jpg\"\n                 data-description=\"\"\n                                 style=\"display:block\">\n        <\/a>\n            <a href=\"\" target=\"_blank\">\n            <img decoding=\"async\" alt=\"Sektions Sch\u00fctzenk\u00f6nig\"\n                 data-type=\"image\"\n                 src=\"https:\/\/sg-hubertus-pfatter.de\/wp-content\/uploads\/2022\/06\/Sektions-Schuetzenkoenig-scaled.jpg\"\n                 data-image=\"https:\/\/sg-hubertus-pfatter.de\/wp-content\/uploads\/2022\/06\/Sektions-Schuetzenkoenig-scaled.jpg\"\n                 data-description=\"\"\n                                 style=\"display:block\">\n        <\/a>\n            <a href=\"\" target=\"_blank\">\n            <img decoding=\"async\" alt=\"Sektions Sch\u00fctzenliesl Auflage\"\n                 data-type=\"image\"\n                 src=\"https:\/\/sg-hubertus-pfatter.de\/wp-content\/uploads\/2022\/06\/Sektions-Schuetzenliesl-Auflage-scaled.jpg\"\n                 data-image=\"https:\/\/sg-hubertus-pfatter.de\/wp-content\/uploads\/2022\/06\/Sektions-Schuetzenliesl-Auflage-scaled.jpg\"\n                 data-description=\"\"\n                                 style=\"display:block\">\n        <\/a>\n            <a href=\"\" target=\"_blank\">\n            <img decoding=\"async\" alt=\"Sektions Sch\u00fctzenliesl\"\n                 data-type=\"image\"\n                 src=\"https:\/\/sg-hubertus-pfatter.de\/wp-content\/uploads\/2022\/06\/Sektions-Schuetzenliesl-scaled.jpg\"\n                 data-image=\"https:\/\/sg-hubertus-pfatter.de\/wp-content\/uploads\/2022\/06\/Sektions-Schuetzenliesl-scaled.jpg\"\n                 data-description=\"\"\n                                 style=\"display:block\">\n        <\/a>\n            <a href=\"\" target=\"_blank\">\n            <img decoding=\"async\" alt=\"Sektions Sch\u00fctzenliesln und- k\u00f6nige\"\n                 data-type=\"image\"\n                 src=\"https:\/\/sg-hubertus-pfatter.de\/wp-content\/uploads\/2022\/06\/Sektions-Schuetzenliesln-und-koenige-scaled.jpg\"\n                 data-image=\"https:\/\/sg-hubertus-pfatter.de\/wp-content\/uploads\/2022\/06\/Sektions-Schuetzenliesln-und-koenige-scaled.jpg\"\n                 data-description=\"\"\n                                 style=\"display:block\">\n        <\/a>\n            <a href=\"\" target=\"_blank\">\n            <img decoding=\"async\" alt=\"Sektions-Sch\u00fclerliesl Auflage\"\n                 data-type=\"image\"\n                 src=\"https:\/\/sg-hubertus-pfatter.de\/wp-content\/uploads\/2022\/06\/Sektions-Schuelerliesl-Auflage-scaled.jpg\"\n                 data-image=\"https:\/\/sg-hubertus-pfatter.de\/wp-content\/uploads\/2022\/06\/Sektions-Schuelerliesl-Auflage-scaled.jpg\"\n                 data-description=\"\"\n                                 style=\"display:block\">\n        <\/a>\n            <a href=\"\" target=\"_blank\">\n            <img decoding=\"async\" alt=\"Teilerpokal\"\n                 data-type=\"image\"\n                 src=\"https:\/\/sg-hubertus-pfatter.de\/wp-content\/uploads\/2022\/06\/Teilerpokal-scaled.jpg\"\n                 data-image=\"https:\/\/sg-hubertus-pfatter.de\/wp-content\/uploads\/2022\/06\/Teilerpokal-scaled.jpg\"\n                 data-description=\"\"\n                                 style=\"display:block\">\n        <\/a>\n    <\/div>\n\n\n\n<script type=\"text\/javascript\">\n\n\n    (function() {\n        var runMyCode = function() {\n            jQuery(document).ready(function () {\n                var container = jQuery(\"#gdgallery_container_26\");\n                container.unitegallery({\"gallery_theme\":\"justified\",\"tiles_type\":\"justified\",\"tiles_justified_space_between\":10,\"tile_enable_textpanel\":true,\"tile_textpanel_always_on\":true,\"tile_textpanel_title_text_align\":\"center\",\"tile_textpanel_title_font_size\":\"16\",\"tile_textpanel_title_color\":\"#FFFFFF\",\"tile_textpanel_bg_color\":\"#333333\",\"tile_textpanel_bg_opacity\":0.7,\"tile_enable_border\":true,\"tile_border_width\":\"0\",\"tile_border_color\":\"#333333\",\"tile_border_radius\":\"0\",\"tile_enable_overlay\":true,\"tile_enable_image_effect\":true,\"tile_image_effect_type\":\"blur\",\"tile_image_effect_reverse\":true,\"tile_enable_shadow\":false,\"tile_as_link\":false,\"tile_enable_icons\":true,\"tile_show_link_icon\":true,\"tile_textpanel_appear_type\":\"slide\",\"tile_textpanel_position\":\"inside_bottom\",\"tile_link_newpage\":true,\"lightbox_type\":\"wide\",\"lightbox_arrows_offset\":0,\"lightbox_overlay_color\":\"#000000\",\"lightbox_overlay_opacity\":1,\"lightbox_top_panel_opacity\":1,\"lightbox_show_numbers\":true,\"lightbox_numbers_size\":\"15\",\"lightbox_numbers_color\":\"#FFFFFF\",\"lightbox_slider_image_border_width\":\"0\",\"lightbox_slider_image_border_color\":\"#FFFFFF\",\"lightbox_slider_image_border_radius\":0,\"lightbox_slider_image_shadow\":true,\"lightbox_slider_control_swipe\":true,\"lightbox_slider_control_zoom\":true,\"lightbox_slider_image_border\":true,\"lightbox_show_textpanel\":true,\"lightbox_textpanel_enable_title\":true,\"lightbox_textpanel_enable_description\":false,\"lightbox_textpanel_padding_top\":5,\"lightbox_textpanel_padding_bottom\":5,\"lightbox_textpanel_padding_right\":5,\"lightbox_textpanel_padding_left\":5,\"lightbox_textpanel_title_color\":\"#FFFFFF\",\"lightbox_textpanel_title_text_align\":\"center\",\"lightbox_textpanel_title_font_size\":\"16\",\"lightbox_textpanel_desc_color\":\"#FFFFFF\",\"lightbox_textpanel_desc_text_align\":\"center\",\"lightbox_textpanel_desc_font_size\":\"14\"});\n            });\n        };\n        var timer = function() {\n            if (window.jQuery) {runMyCode(window.jQuery);}\n            else {window.setTimeout(timer, 100);}\n        };\n        timer();\n    })();\n<\/script><style>\n#gdgallery-container-26 {\n   text-align: center}\n\n.gdgallery-pagination-26{\ntext-align: center !important;\n}\n\n.gdgallery-pagination-26 a{\n    font-size: 15px !important;\n    padding: 8px 13px !important;\n    margin: 3px !important;\n    border: 1px solid #333333 !important;\n    border-radius: 0px !important;\n    color: #333333 !important;\n    background-color: #FFFFFF !important;\n    font-family: monospace !important;\n}\n\n.gdgallery-pagination-26 a:hover, .gdgallery-pagination-26 a.gdgallery-pagination-icon-active{\n    color: #FFFFFF !important;\n    background-color: #333333 !important;\n    border-color: #333333 !important;\n}\n\n#gdgallery-container-26 .gdgallery_load_more_space{\n    margin-top: 20px !important;\n    text-align: center !important;\n}\n\n#gdgallery-container-26 .gdgallery_load_more_space button{\n                      padding: 8px 13px !important;\n    font-size: 15px !important;\n    background-color: #333333 !important;\n    color: #FFFFFF !important;\n    border:1px solid #333333 !important;\n                      border-radius: 0px !important;\n                      font-family: monospace !important;\n                  }\n#gdgallery-container-26 .gdgallery_load_more_space button:hover{\n                      background-color: #FFFFFF !important;\n                      color: #333333 !important;\n                      border-color: #333333 !important;\n                  }\n\n#gdgallery-container-26 .gdgallery_load_more_space button,\n#gdgallery-container-26 .gdgallery_load_more_space button:hover,\n#gdgallery-container-26 .gdgallery_load_more_space button:active,\n#gdgallery-container-26 .gdgallery_load_more_space button:focus{\n    outline: none !important;\n}\n\n\n#gdgallery-container-26 .gdgallery_loading li{\n                      border: 3px solid #333333 !important;\n                  }\n\n.ug-lightbox .ug-lightbox-top-panel-overlay{\n    background-color: #000000 !important;\n}\n\n\n                  #gdgallery_container_26{}\n<\/style>\n\n\n\n<\/div>\n\n\n\n\n\n<\/p>\n","protected":false},"excerpt":{"rendered":"","protected":false},"author":3,"featured_media":0,"parent":0,"menu_order":0,"comment_status":"closed","ping_status":"closed","template":"","meta":{"footnotes":""},"class_list":["post-1402","page","type-page","status-publish","hentry"],"_links":{"self":[{"href":"https:\/\/sg-hubertus-pfatter.de\/index.php\/wp-json\/wp\/v2\/pages\/1402","targetHints":{"allow":["GET"]}}],"collection":[{"href":"https:\/\/sg-hubertus-pfatter.de\/index.php\/wp-json\/wp\/v2\/pages"}],"about":[{"href":"https:\/\/sg-hubertus-pfatter.de\/index.php\/wp-json\/wp\/v2\/types\/page"}],"author":[{"embeddable":true,"href":"https:\/\/sg-hubertus-pfatter.de\/index.php\/wp-json\/wp\/v2\/users\/3"}],"replies":[{"embeddable":true,"href":"https:\/\/sg-hubertus-pfatter.de\/index.php\/wp-json\/wp\/v2\/comments?post=1402"}],"version-history":[{"count":2,"href":"https:\/\/sg-hubertus-pfatter.de\/index.php\/wp-json\/wp\/v2\/pages\/1402\/revisions"}],"predecessor-version":[{"id":1412,"href":"https:\/\/sg-hubertus-pfatter.de\/index.php\/wp-json\/wp\/v2\/pages\/1402\/revisions\/1412"}],"wp:attachment":[{"href":"https:\/\/sg-hubertus-pfatter.de\/index.php\/wp-json\/wp\/v2\/media?parent=1402"}],"curies":[{"name":"wp","href":"https:\/\/api.w.org\/{rel}","templated":true}]}}